) to base 5.
-30012432
52358 (base 9) to base 8
103377
5c158 (base 14) to base 10
225282
467c02 (base 13) to base 4
12120223123
235035 (base 13) to base 12
345856
Convert 11743 (base 14) to base 16.
a65f
-279325 (base 11) to base 15
-89708
-65b (base 13) to base 8
-2102
Convert 1000011011010100000 (base 2) to base 11.
179506
Convert -98e16b (base 15) to base 5.
-3331140301
Convert 125c75d (base 14) to base 15.
b96bb7
Convert -322010233 (base 4) to base 2.
-111010000100101111
Convert 10001111011110001110000 (base 2) to base 8.
21736160
-333603 (base 7) to base 5
-3341300
What is -1bcbd7 (base 14) in base 2?
-11110011000101011001
Convert -2c9bed (base 15) to base 2.
-1000001111001011011011
What is -276534 (base 8) in base 7?
-554426
210331100 (base 4) to base 6
3124452
Convert -a6185 (base 13) to base 9.
-505220
What is -23d591 (base 14) in base 16?
-12bb9b
What is 3b1104 (base 13) in base 12?
58b958
What is 34487 (base 14) in base 10?
127127
What is 16c40a3 (base 13) in base 3?
111221021102110
What is -521051 (base 7) in base 13?
-317ba
What is -6127c (base 15) in base 3?
-120122002000
3420044241 (base 5) to base 4
130322320030
Convert -4247505 (base 9) to base 4.
-20223210203
What is 120054043 (base 6) in base 3?
11020011010000
What is 8186654 (base 10) in base 15?
abaa1e
What is -21222022210101 (base 3) in base 2?
-10000001010101110101110
Convert -10000010011110100111 (base 2) to base 6.
-15242131
What is 221110000 (base 4) in base 9?
277107
What is 1210200202 (base 3) in base 12?
18662
What is 24412255 (base 8) in base 5?
2334113440
What is 3c71e (base 15) in base 6?
4054015
-35670322 (base 8) to base 7
-123351120
What is -1050550 (base 8) in base 11?
-183679
Convert -124400251 (base 6) to base 9.
-4554724
-20210210211 (base 3) to base 11
-91745
-4aab28 (base 12) to base 6
-42103252
What is 1133c0a (base 14) in base 3?
120102020221221
683365 (base 10) to base 12
28b571
-2a15757 (base 11) to base 16
-4efa1d
-3a501 (base 14) to base 9
-238062
What is -121031320113 (base 4) in base 5?
-3143013310
What is -3142287 (base 11) in base 13?
-11bb50c
Convert -11101110011111110 (base 2) to base 9.
-205447
Convert 312232 (base 6) to base 16.
623c
4d7693 (base 14) to base 10
2671217
What is -2350571 (base 9) in base 2?
-100110110110111010111
302144 (base 6) to base 8
56420
What is 277218 (base 9) in base 12?
81b8b
Convert -103112231220 (base 4) to base 13.
-108853b
What is 303232303 (base 4) in base 12?
a2757
What is 213202023 (base 4) in base 8?
474213
What is -211122111202101 (base 3) in base 14?
-18545c8
1002200101100 (base 3) to base 12
242100
What is -4204013424 (base 5) in base 6?
-505320220
1114024111 (base 5) to base 7
30063161
Convert -11010111012021 (base 3) to base 4.
-20113300000
What is 2172e5 (base 15) in base 4?
12011011001
Convert 1110203001 (base 4) to base 12.
1484a9
47637 (base 8) to base 6
234211
75986 (base 11) to base 13
3b2a7
Convert -211051 (base 9) to base 3.
-20101001201
What is 101100011010110001001 (base 2) in base 8?
5432611
-603045 (base 7) to base 5
-11230104
-2db08 (base 16) to base 14
-4c2b6
What is 17006a (base 13) in base 15?
b4423
Convert 122848c (base 13) to base 9.
11553284
Convert 17839dc (base 14) to base 2.
101100010010111010101110
3243300210 (base 5) to base 3
111012010010112
-445966 (base 13) to base 8
-6114346
What is -66600 (base 7) in base 13?
-7821
What is 47464 (base 8) in base 13?
92c9
Convert 7581760 (base 10) to base 9.
15235187
Convert 1ba756 (base 12) to base 7.
4131654
143a7b (base 12) to base 7
2606603
Convert -ab5707 (base 12) to base 13.
-745a7a
What is -339067 (base 11) in base 4?
-2003213320
-1202102201212 (base 3) to base 5
-214334111
-15b3a (base 15) to base 10
-70030
Convert -3fcda (base 16) to base 12.
-1072a2
What is 1fb4a (base 16) in base 10?
129866
Convert -699e (base 16) to base 14.
-9bd4
8580 (base 11) to base 16
2c4d
What is -31764100 (base 8) in base 16?
-67e840
4025100 (base 6) to base 2
101110011101111100
Convert -12bfa7 (base 16) to base 12.
-4b3087
What is 283828 (base 11) in base 16?
6c73d
Convert 23143033 (base 6) to base 4.
2232023331
11342054 (base 6) to base 2
1010110110011110010
What is -95720 (base 11) in base 4?
-202000131
Convert 3c891 (base 16) to base 9.
417113
-1487268 (base 9) to base 2
-11001001100001101100
-665579 (base 10) to base 13
-1a3c45
What is 22200202022001 (base 3) in base 10?
4620619
Convert 522839 (base 10) to base 4.
1333221113
What is -11022202001 (base 3) in base 9?
-138661
Convert -40046 (base 10) to base 3.
-2000221012
Convert -1387750 (base 9) to base 13.
-20b02c
Convert 230320301 (base 5) to base 14.
1ca050
Convert 43598 (base 10) to base 3.
2012210202
-572642 (base 11) to base 5
-213124201
19ba2 (base 12) to base 7
215525
What is 1952b6 (base 13) in base 16?
9c346
-74958 (base 13) to base 8
-632605
100100110111110100010 (base 2) to base 10
1208226
2b3a6aa (base 12) to base 11
4a63838
Convert -3542250 (base 6) to base 11.
-116738
Convert -810767 (base 12) to base 16.
-1eb53f
What is -155172 (base 10) in base 16?
-25e24
13535770 (base 8) to base 6
145351304
What is 48596 (base 11) in base 13?
25a98
Convert 1643611 (base 10) to base 14.
30adab
What is 12046466 (base 8) in base 16?
284d36
What is 6806dc (base 14) in base 9?
6577881
What is -13c9d5 (base 15) in base 11?
-5a1810
What is 3073126 (base 8) in base 3?
1112111100010
-1322220112 (base 4) to base 14
-d10a2
34044423 (base 6) to base 8
3740677
What is -717663 (base 10) in base 3?
-1100110110010
Convert -101112001 (base 4) to base 2.
-10001010110000001
Convert -252252 (base 6) to base 5.
-1210233
What is -33331331 (base 4) in base 8?
-177575
Convert -56162 (base 12) to base 8.
-337132
Convert -1241302 (base 6) to base 14.
-1a970
-2026320 (base 8) to base 14
-dd368
What is -123422503 (base 7) in base 12?
-275b91a
Convert -a2735 (base 14) to base 16.
-5f79b
Convert 40aa3a (base 11) to base 6.
22041503
-28398 (base 10) to base 4
-12323232
Convert -45430121 (base 6) to base 16.
-152e21
Convert -234499 (base 10) to base 4.
-321100003
What is -4478665 (base 9) in base 10?
-2414264
What is 346466 (base 7) in base 2?
1111001101110111
Convert 330321301200 (base 4) to base 16.
f39c60
-10111022021200 (base 3) to base 16
-1c52f1
97063c (base 13) to base 8
15407145
What is 1386038 (base 10) in base 7?
14531633
Convert -387bacc (base 13) to base 16.
-10db9b3
-9153 (base 15) to base 10
-30678
97114 (base 11) to base 3
21011201110
What is -343a81 (base 14) in base 15?
-2519b1
Convert -83552 (base 9) to base 14.
-16139
-6125143 (base 7) to base 12
-2b206a
What is 70bea (base 15) in base 14?
941b0
Convert -5153020 (base 7) to base 9.
-1141777
Convert -1201030302 (base 4) to base 15.
-7ce70
Convert -279544 (base 11) to base 7.
-3500461
762363 (base 13) to base 2
1010100101100101100111
17769 (base 15) to base 7
434232
Convert -10783885 (base 9) to base 12.
-1913228
What is 501a5a (base 12) in base 13?
348a09
What is -8b042 (base 12) in base 2?
-101101001001110010
What is -11044123 (base 6) in base 13?
-b8578
-3abf8b (base 16) to base 2
-1110101011111110001011
What is -614190 (base 10) in base 16?
-95f2e
-63928 (base 11) to base 8
-265436
Convert 64134 (base 8) to base 12.
13564
-110010301 (base 4) to base 5
-10112400
What is 30011232 (base 4) in base 16?
c16e
-1011000001101000000010 (base 2) to base 4
-23001220002
Convert 18b5b7 (base 14) to base 11.
549568
What is 25daf (base 16) in base 14?
40715
Convert -4251222 (base 6) to base 3.
-101121122012
25c91 (base 16) to base 13
555a4
Convert 113505013 (base 6) to base 4.
20022111201
Convert -84116 (base 12) to base 10.
-172962
Convert -1bb333 (base 14) to base 5.
-223204332
1444220224 (base 5) to base 8
16675515
-4408a9 (base 14) to base 7
-25415002
Convert -16979 (base 10) to base 11.
-11836
What is -11210202222 (base 3) in base 8?
-270617
-33000323232 (base 4) to base 14
-746578
What is -1010001100011001001010 (base 2) in base 7?
-31466451
Convert -133023 (base 6) to base 7.
-50640
Convert -1129594 (base 12) to base 14.
-619d4c
-946273 (base 10) to base 12
-397741
123141022 (base 5) to base 10
599512
Convert -33034021 (base 5) to base 6.
-10025044
What is -6a36a (base 15) in base 16?
-52963
32023120000 (base 4) to base 15
4d633d
-1a340 (base 14) to base 12
-3259